{"id":243,"date":"2020-12-19T17:35:15","date_gmt":"2020-12-19T16:35:15","guid":{"rendered":"http:\/\/www.chezlesfreud.com\/?page_id=243"},"modified":"2023-12-30T20:39:12","modified_gmt":"2023-12-30T19:39:12","slug":"la-creche-surcylee-2020-des-freud","status":"publish","type":"page","link":"https:\/\/www.chezlesfreud.com\/index.php\/la-creche-surcylee-2020-des-freud\/","title":{"rendered":"La cr\u00e8che surcyl\u00e9e 2020 des Freud"},"content":{"rendered":"\n<h1 class=\"wp-block-heading\"><strong>Une cr\u00e8che 100% r\u00e9alis\u00e9e \u00e0 partir de mat\u00e9riaux de r\u00e9cup\u00e9ration<\/strong><\/h1>\n\n\n\n<h2 class=\"wp-block-heading\">L&rsquo;id\u00e9e<\/h2>\n\n\n\n<p>Au d\u00e9but il y a une id\u00e9e : il faudrait faire un cadeau de No\u00ebl \u00ab\u00a0z\u00e9ro d\u00e9chet\u00a0\u00bb pour Carole! Pourquoi pas une cr\u00e8che? Il y a plein de chutes de mat\u00e9riaux divers \u00e0 la cave.<\/p>\n\n\n\n<p>Tout commence par un croquis (pas trop d\u00e9taill\u00e9)<\/p>\n\n\n\n<figure class=\"wp-block-image size-large\"><img loading=\"lazy\" decoding=\"async\" width=\"4032\" height=\"3024\" src=\"http:\/\/www.chezlesfreud.com\/wp-content\/uploads\/2020\/12\/20201219_233622.jpg\" alt=\"\" class=\"wp-image-247\"\/><\/figure>\n\n\n\n<p>Imm\u00e9diatement suivi par la maquette (z\u00e9ro d\u00e9chets)<\/p>\n\n\n\n<div class=\"wp-block-columns is-layout-flex wp-container-core-columns-is-layout-28f84493 wp-block-columns-is-layout-flex\">\n<div class=\"wp-block-column is-layout-flow wp-block-column-is-layout-flow\" style=\"flex-basis:100%\">\n<div class=\"wp-block-group\"><div class=\"wp-block-group__inner-container is-layout-flow wp-block-group-is-layout-flow\">\n<div class=\"wp-block-columns is-layout-flex wp-container-core-columns-is-layout-28f84493 wp-block-columns-is-layout-flex\">\n<div class=\"wp-block-column is-layout-flow wp-block-column-is-layout-flow\" style=\"flex-basis:33.33%\">\n<figure class=\"wp-block-image size-large is-resized is-style-default\"><img loading=\"lazy\" decoding=\"async\" src=\"http:\/\/www.chezlesfreud.com\/wp-content\/uploads\/2020\/12\/20201128_113724.jpg\" alt=\"\" class=\"wp-image-248\" width=\"218\" height=\"291\"\/><\/figure>\n<\/div>\n\n\n\n<div class=\"wp-block-column is-layout-flow wp-block-column-is-layout-flow\" style=\"flex-basis:66.66%\">\n<figure class=\"wp-block-image size-large is-resized is-style-default\"><img loading=\"lazy\" decoding=\"async\" src=\"http:\/\/www.chezlesfreud.com\/wp-content\/uploads\/2020\/12\/20201128_115218.jpg\" alt=\"\" class=\"wp-image-249\" width=\"388\" height=\"291\"\/><\/figure>\n\n\n\n<p><\/p>\n<\/div>\n<\/div>\n<\/div><\/div>\n<\/div>\n<\/div>\n\n\n\n<h2 class=\"wp-block-heading\">Passage \u00e0 la r\u00e9alisation<\/h2>\n\n\n\n<p>R\u00e9alisation des encoches pour les montants en aluminium<\/p>\n\n\n\n<figure class=\"wp-block-image size-large\"><img loading=\"lazy\" decoding=\"async\" width=\"4032\" height=\"3024\" src=\"http:\/\/www.chezlesfreud.com\/wp-content\/uploads\/2020\/12\/20201128_122905.jpg\" alt=\"\" class=\"wp-image-250\"\/><\/figure>\n\n\n\n<p>Premier montage \u00e0 blanc et r\u00e9alisation des encoches du toit<\/p>\n\n\n\n<div class=\"wp-block-group\"><div class=\"wp-block-group__inner-container is-layout-flow wp-block-group-is-layout-flow\">\n<div class=\"wp-block-columns is-layout-flex wp-container-core-columns-is-layout-28f84493 wp-block-columns-is-layout-flex\">\n<div class=\"wp-block-column is-layout-flow wp-block-column-is-layout-flow\" style=\"flex-basis:66.66%\">\n<figure class=\"wp-block-image size-large is-resized is-style-default\"><img loading=\"lazy\" decoding=\"async\" src=\"http:\/\/www.chezlesfreud.com\/wp-content\/uploads\/2020\/12\/20201128_202937.jpg\" alt=\"\" class=\"wp-image-252\" width=\"381\" height=\"286\"\/><\/figure>\n\n\n\n<p><\/p>\n<\/div>\n\n\n\n<div class=\"wp-block-column is-layout-flow wp-block-column-is-layout-flow\" style=\"flex-basis:33.33%\">\n<figure class=\"wp-block-image size-large is-style-default\"><img loading=\"lazy\" decoding=\"async\" width=\"4032\" height=\"3024\" src=\"http:\/\/www.chezlesfreud.com\/wp-content\/uploads\/2020\/12\/20201128_202924.jpg\" alt=\"\" class=\"wp-image-251\"\/><\/figure>\n<\/div>\n<\/div>\n<\/div><\/div>\n\n\n\n<p>Montage du b\u00e2timent de la cr\u00e8che<\/p>\n\n\n\n<div class=\"wp-block-group\"><div class=\"wp-block-group__inner-container is-layout-flow wp-block-group-is-layout-flow\">\n<div class=\"wp-block-columns is-layout-flex wp-container-core-columns-is-layout-28f84493 wp-block-columns-is-layout-flex\">\n<div class=\"wp-block-column is-layout-flow wp-block-column-is-layout-flow\">\n<figure class=\"wp-block-image size-large is-style-default\"><img loading=\"lazy\" decoding=\"async\" width=\"4032\" height=\"3024\" src=\"http:\/\/www.chezlesfreud.com\/wp-content\/uploads\/2020\/12\/20201211_205036.jpg\" alt=\"\" class=\"wp-image-254\"\/><\/figure>\n<\/div>\n\n\n\n<div class=\"wp-block-column is-layout-flow wp-block-column-is-layout-flow\">\n<figure class=\"wp-block-image size-large is-style-default\"><img loading=\"lazy\" decoding=\"async\" width=\"4032\" height=\"3024\" src=\"http:\/\/www.chezlesfreud.com\/wp-content\/uploads\/2020\/12\/20201211_205047.jpg\" alt=\"\" class=\"wp-image-255\"\/><\/figure>\n<\/div>\n<\/div>\n<\/div><\/div>\n\n\n\n<h2 class=\"wp-block-heading\">Et si on ajoutait un vitrail?<\/h2>\n\n\n\n<p>Ce sera \u00e0 travers un panneau de bois perc\u00e9<\/p>\n\n\n\n<div class=\"wp-block-columns is-layout-flex wp-container-core-columns-is-layout-28f84493 wp-block-columns-is-layout-flex\">\n<div class=\"wp-block-column is-layout-flow wp-block-column-is-layout-flow\" style=\"flex-basis:100%\">\n<div class=\"wp-block-columns is-layout-flex wp-container-core-columns-is-layout-28f84493 wp-block-columns-is-layout-flex\">\n<div class=\"wp-block-column is-layout-flow wp-block-column-is-layout-flow\">\n<figure class=\"wp-block-image size-large is-style-default\"><img loading=\"lazy\" decoding=\"async\" width=\"4032\" height=\"3024\" src=\"http:\/\/www.chezlesfreud.com\/wp-content\/uploads\/2020\/12\/20201206_104605.jpg\" alt=\"\" class=\"wp-image-256\"\/><\/figure>\n<\/div>\n\n\n\n<div class=\"wp-block-column is-layout-flow wp-block-column-is-layout-flow\">\n<figure class=\"wp-block-image size-large is-style-default\"><img loading=\"lazy\" decoding=\"async\" width=\"4032\" height=\"3024\" src=\"http:\/\/www.chezlesfreud.com\/wp-content\/uploads\/2020\/12\/20201220_093025.jpg\" alt=\"\" class=\"wp-image-284\"\/><\/figure>\n<\/div>\n<\/div>\n<\/div>\n<\/div>\n\n\n\n<p>D\u00e9coupe du bois et du verre, ajout du cadre en aluminium<\/p>\n\n\n\n<div class=\"wp-block-group\"><div class=\"wp-block-group__inner-container is-layout-flow wp-block-group-is-layout-flow\">\n<div class=\"wp-block-columns is-layout-flex wp-container-core-columns-is-layout-28f84493 wp-block-columns-is-layout-flex\">\n<div class=\"wp-block-column is-layout-flow wp-block-column-is-layout-flow\" style=\"flex-basis:66.66%\">\n<figure class=\"wp-block-image size-large is-resized is-style-default\"><img loading=\"lazy\" decoding=\"async\" src=\"http:\/\/www.chezlesfreud.com\/wp-content\/uploads\/2020\/12\/20201211_205305.jpg\" alt=\"\" class=\"wp-image-257\" width=\"379\" height=\"284\"\/><\/figure>\n<\/div>\n\n\n\n<div class=\"wp-block-column is-layout-flow wp-block-column-is-layout-flow\" style=\"flex-basis:33.33%\">\n<figure class=\"wp-block-image size-large is-style-default\"><img loading=\"lazy\" decoding=\"async\" width=\"4032\" height=\"3024\" src=\"http:\/\/www.chezlesfreud.com\/wp-content\/uploads\/2020\/12\/20201211_205440.jpg\" alt=\"\" class=\"wp-image-258\"\/><\/figure>\n<\/div>\n<\/div>\n<\/div><\/div>\n\n\n\n<div class=\"wp-block-group\"><div class=\"wp-block-group__inner-container is-layout-flow wp-block-group-is-layout-flow\">\n<div class=\"wp-block-group\"><div class=\"wp-block-group__inner-container is-layout-flow wp-block-group-is-layout-flow\">\n<div class=\"wp-block-columns is-layout-flex wp-container-core-columns-is-layout-28f84493 wp-block-columns-is-layout-flex\">\n<div class=\"wp-block-column is-layout-flow wp-block-column-is-layout-flow\">\n<figure class=\"wp-block-image size-large is-style-default\"><img loading=\"lazy\" decoding=\"async\" width=\"4032\" height=\"3024\" src=\"http:\/\/www.chezlesfreud.com\/wp-content\/uploads\/2020\/12\/20201211_205758.jpg\" alt=\"\" class=\"wp-image-260\"\/><\/figure>\n<\/div>\n\n\n\n<div class=\"wp-block-column is-layout-flow wp-block-column-is-layout-flow\">\n<figure class=\"wp-block-image size-large is-style-default\"><img loading=\"lazy\" decoding=\"async\" width=\"4032\" height=\"3024\" src=\"http:\/\/www.chezlesfreud.com\/wp-content\/uploads\/2020\/12\/20201211_205626.jpg\" alt=\"\" class=\"wp-image-259\"\/><\/figure>\n<\/div>\n<\/div>\n<\/div><\/div>\n<\/div><\/div>\n\n\n\n<h2 class=\"wp-block-heading\">Les finitions avec l&rsquo;ajout des personnages<\/h2>\n\n\n\n<p>On va se limiter \u00e0 la sainte famille (la daronne, le daron et le p&rsquo;tit boug)<\/p>\n\n\n\n<p>D\u00e9coupage des \u00e9l\u00e9ments de base<\/p>\n\n\n\n<div class=\"wp-block-columns is-layout-flex wp-container-core-columns-is-layout-28f84493 wp-block-columns-is-layout-flex\">\n<div class=\"wp-block-column is-layout-flow wp-block-column-is-layout-flow\">\n<figure class=\"wp-block-image size-large is-style-default\"><img loading=\"lazy\" decoding=\"async\" width=\"4032\" height=\"3024\" src=\"http:\/\/www.chezlesfreud.com\/wp-content\/uploads\/2020\/12\/20201211_203021.jpg\" alt=\"\" class=\"wp-image-271\"\/><\/figure>\n<\/div>\n\n\n\n<div class=\"wp-block-column is-layout-flow wp-block-column-is-layout-flow\">\n<figure class=\"wp-block-image size-large is-style-default\"><img loading=\"lazy\" decoding=\"async\" width=\"4032\" height=\"3024\" src=\"http:\/\/www.chezlesfreud.com\/wp-content\/uploads\/2020\/12\/20201211_203006.jpg\" alt=\"\" class=\"wp-image-270\"\/><\/figure>\n<\/div>\n<\/div>\n\n\n\n<p>Peinture et montage final<\/p>\n\n\n\n<div class=\"wp-block-group\"><div class=\"wp-block-group__inner-container is-layout-flow wp-block-group-is-layout-flow\">\n<div class=\"wp-block-image is-style-default\"><figure class=\"aligncenter size-large is-resized\"><img loading=\"lazy\" decoding=\"async\" src=\"http:\/\/www.chezlesfreud.com\/wp-content\/uploads\/2020\/12\/20201219_152647.jpg\" alt=\"\" class=\"wp-image-272\" width=\"659\" height=\"494\"\/><\/figure><\/div>\n\n\n\n<figure class=\"wp-block-image size-large is-style-default\"><img loading=\"lazy\" decoding=\"async\" width=\"768\" height=\"1024\" src=\"http:\/\/www.chezlesfreud.com\/wp-content\/uploads\/2020\/12\/IMG-20201219-WA0003.jpg\" alt=\"\" class=\"wp-image-293\"\/><\/figure>\n\n\n\n<p>Les personnages termin\u00e9s<\/p>\n\n\n\n<figure class=\"wp-block-image size-large\"><img loading=\"lazy\" decoding=\"async\" width=\"3724\" height=\"2096\" src=\"http:\/\/www.chezlesfreud.com\/wp-content\/uploads\/2020\/12\/IMG_6088-26-12-20-08-06.jpg\" alt=\"\" class=\"wp-image-296\"\/><\/figure>\n\n\n\n<p>Et le r\u00e9sultat final!<\/p>\n\n\n\n<figure class=\"wp-block-image size-large\"><img loading=\"lazy\" decoding=\"async\" width=\"4032\" height=\"3024\" src=\"http:\/\/www.chezlesfreud.com\/wp-content\/uploads\/2020\/12\/IMG_6084-26-12-20-08-06.jpeg\" alt=\"\" class=\"wp-image-297\"\/><\/figure>\n<\/div><\/div>\n\n\n\n<h2 class=\"wp-block-heading\"><strong>Mat\u00e9riaux utilis\u00e9s<\/strong><\/h2>\n\n\n\n<ul class=\"wp-block-list\"><li>Contreplaqu\u00e9 et vernis : surplus de la biblioth\u00e8que de Lucien<\/li><li>Panneaux d\u2019aluminium et tiges filet\u00e9es : r\u00e9sidus du rack \u00e0 verre<\/li><li>Pieds de la cr\u00e8che : restes d\u2019emballages de meubles Ikea<\/li><li>Verre du vitrail : morceau de vitrine cass\u00e9 lors du d\u00e9m\u00e9nagement \u00e0 Pontoise<\/li><li>Bois de la sainte famille : chutes de tasseaux et anciennes tringles \u00e0 rideaux<\/li><li>Bo\u00eetes de la sainte famille&nbsp; : chutes de conduites d\u2019\u00e9vacuation en PVC<\/li><\/ul>\n\n\n\n<p><em>\u00a9 Les Freud 2020<\/em><\/p>\n\n\n\n<p><\/p>\n","protected":false},"excerpt":{"rendered":"<p>Une cr\u00e8che 100% r\u00e9alis\u00e9e \u00e0 partir de mat\u00e9riaux de r\u00e9cup\u00e9ration L&rsquo;id\u00e9e Au d\u00e9but il y a une id\u00e9e : il faudrait faire un cadeau de No\u00ebl \u00ab\u00a0z\u00e9ro d\u00e9chet\u00a0\u00bb pour Carole! Pourquoi pas une cr\u00e8che? Il y a plein de chutes de mat\u00e9riaux divers \u00e0 la cave. Tout commence par un croquis (pas trop d\u00e9taill\u00e9) Imm\u00e9diatement [&hellip;]<\/p>\n","protected":false},"author":1,"featured_media":438,"parent":0,"menu_order":0,"comment_status":"closed","ping_status":"closed","template":"","meta":{"footnotes":""},"class_list":["post-243","page","type-page","status-publish","has-post-thumbnail","hentry"],"_links":{"self":[{"href":"https:\/\/www.chezlesfreud.com\/index.php\/wp-json\/wp\/v2\/pages\/243","targetHints":{"allow":["GET"]}}],"collection":[{"href":"https:\/\/www.chezlesfreud.com\/index.php\/wp-json\/wp\/v2\/pages"}],"about":[{"href":"https:\/\/www.chezlesfreud.com\/index.php\/wp-json\/wp\/v2\/types\/page"}],"author":[{"embeddable":true,"href":"https:\/\/www.chezlesfreud.com\/index.php\/wp-json\/wp\/v2\/users\/1"}],"replies":[{"embeddable":true,"href":"https:\/\/www.chezlesfreud.com\/index.php\/wp-json\/wp\/v2\/comments?post=243"}],"version-history":[{"count":25,"href":"https:\/\/www.chezlesfreud.com\/index.php\/wp-json\/wp\/v2\/pages\/243\/revisions"}],"predecessor-version":[{"id":298,"href":"https:\/\/www.chezlesfreud.com\/index.php\/wp-json\/wp\/v2\/pages\/243\/revisions\/298"}],"wp:featuredmedia":[{"embeddable":true,"href":"https:\/\/www.chezlesfreud.com\/index.php\/wp-json\/wp\/v2\/media\/438"}],"wp:attachment":[{"href":"https:\/\/www.chezlesfreud.com\/index.php\/wp-json\/wp\/v2\/media?parent=243"}],"curies":[{"name":"wp","href":"https:\/\/api.w.org\/{rel}","templated":true}]}}