{"id":399,"date":"2022-12-26T18:37:45","date_gmt":"2022-12-26T17:37:45","guid":{"rendered":"http:\/\/www.chezlesfreud.com\/?page_id=399"},"modified":"2023-12-30T20:17:49","modified_gmt":"2023-12-30T19:17:49","slug":"noel-2022-le-village-illumine","status":"publish","type":"page","link":"https:\/\/www.chezlesfreud.com\/index.php\/noel-2022-le-village-illumine\/","title":{"rendered":"No\u00ebl 2022 : Le village illumin\u00e9"},"content":{"rendered":"\n<p>Cette fois-ci, nous nous attaquons \u00e0 un petit objet d\u00e9coratif, un village de maisons en pl\u00e2tre illumin\u00e9 de l&rsquo;arri\u00e8re par une s\u00e9rie de bougies.<\/p>\n\n\n\n<p>Il faut d&rsquo;abord dessiner une s\u00e9rie de silhouettes de maisons:<\/p>\n\n\n\n<figure class=\"wp-block-image size-full\"><img loading=\"lazy\" decoding=\"async\" width=\"4000\" height=\"1848\" src=\"http:\/\/www.chezlesfreud.com\/wp-content\/uploads\/2022\/12\/20221211_122102.jpg\" alt=\"\" class=\"wp-image-400\"\/><\/figure>\n\n\n\n<p>On d\u00e9limite ensuite les contours avec des plaquettes de bois afin de cr\u00e9er un moule.<\/p>\n\n\n\n<figure class=\"wp-block-image size-full\"><img loading=\"lazy\" decoding=\"async\" width=\"4000\" height=\"1848\" src=\"http:\/\/www.chezlesfreud.com\/wp-content\/uploads\/2022\/12\/20221211_123517.jpg\" alt=\"\" class=\"wp-image-401\"\/><\/figure>\n\n\n\n<p>Une fois le moule cr\u00e9\u00e9, on le rempli de pl\u00e2tre qu&rsquo;on laisse durcir.<\/p>\n\n\n\n<figure class=\"wp-block-image size-full\"><img loading=\"lazy\" decoding=\"async\" width=\"4000\" height=\"1848\" src=\"http:\/\/www.chezlesfreud.com\/wp-content\/uploads\/2022\/12\/20221220_083402.jpg\" alt=\"\" class=\"wp-image-402\"\/><\/figure>\n\n\n\n<p>Une fois le pl\u00e2tre bien sec, on proc\u00e8de \u00e0 un d\u00e9moulage minutieux. <\/p>\n\n\n\n<figure class=\"wp-block-image size-full\"><img loading=\"lazy\" decoding=\"async\" width=\"4000\" height=\"1848\" src=\"http:\/\/www.chezlesfreud.com\/wp-content\/uploads\/2022\/12\/20221220_083426.jpg\" alt=\"\" class=\"wp-image-403\"\/><\/figure>\n\n\n\n<p>Une fois le d\u00e9moulage effectu\u00e9, il faut \u00e9bavurer les asp\u00e9rit\u00e9s afin d&rsquo;obtenir des silhouettes aux contours bien lisses.<\/p>\n","protected":false},"excerpt":{"rendered":"<p>Cette fois-ci, nous nous attaquons \u00e0 un petit objet d\u00e9coratif, un village de maisons en pl\u00e2tre illumin\u00e9 de l&rsquo;arri\u00e8re par une s\u00e9rie de bougies. Il faut d&rsquo;abord dessiner une s\u00e9rie de silhouettes de maisons: On d\u00e9limite ensuite les contours avec des plaquettes de bois afin de cr\u00e9er un moule. Une fois le moule cr\u00e9\u00e9, on [&hellip;]<\/p>\n","protected":false},"author":1,"featured_media":436,"parent":0,"menu_order":0,"comment_status":"closed","ping_status":"closed","template":"","meta":{"footnotes":""},"class_list":["post-399","page","type-page","status-publish","has-post-thumbnail","hentry"],"_links":{"self":[{"href":"https:\/\/www.chezlesfreud.com\/index.php\/wp-json\/wp\/v2\/pages\/399","targetHints":{"allow":["GET"]}}],"collection":[{"href":"https:\/\/www.chezlesfreud.com\/index.php\/wp-json\/wp\/v2\/pages"}],"about":[{"href":"https:\/\/www.chezlesfreud.com\/index.php\/wp-json\/wp\/v2\/types\/page"}],"author":[{"embeddable":true,"href":"https:\/\/www.chezlesfreud.com\/index.php\/wp-json\/wp\/v2\/users\/1"}],"replies":[{"embeddable":true,"href":"https:\/\/www.chezlesfreud.com\/index.php\/wp-json\/wp\/v2\/comments?post=399"}],"version-history":[{"count":1,"href":"https:\/\/www.chezlesfreud.com\/index.php\/wp-json\/wp\/v2\/pages\/399\/revisions"}],"predecessor-version":[{"id":404,"href":"https:\/\/www.chezlesfreud.com\/index.php\/wp-json\/wp\/v2\/pages\/399\/revisions\/404"}],"wp:featuredmedia":[{"embeddable":true,"href":"https:\/\/www.chezlesfreud.com\/index.php\/wp-json\/wp\/v2\/media\/436"}],"wp:attachment":[{"href":"https:\/\/www.chezlesfreud.com\/index.php\/wp-json\/wp\/v2\/media?parent=399"}],"curies":[{"name":"wp","href":"https:\/\/api.w.org\/{rel}","templated":true}]}}