{"id":563,"date":"2025-12-14T19:37:47","date_gmt":"2025-12-14T18:37:47","guid":{"rendered":"https:\/\/www.chezlesfreud.com\/?page_id=563"},"modified":"2025-12-14T19:37:47","modified_gmt":"2025-12-14T18:37:47","slug":"noel-2024-le-quarto","status":"publish","type":"page","link":"https:\/\/www.chezlesfreud.com\/index.php\/noel-2024-le-quarto\/","title":{"rendered":"No\u00ebl 2024 : le Quarto"},"content":{"rendered":"\n<p>Cette ann\u00e9e j\u2019ai pens\u00e9 \u00e0 un jeu de soci\u00e9t\u00e9, le quarto, je pense qu\u2019il y a ce qu\u2019il faut dans la cave pour le confectionner.<\/p>\n\n\n\n<h2 class=\"wp-block-heading\">Les pi\u00e8ces<\/h2>\n\n\n\n<p>Il faut du carr\u00e9 et du rond, heureusement il y a des tubes carr\u00e9s en aluminium, restes d\u2019une installation tellement ancienne que j\u2019ai oubli\u00e9 laquelle, et des chutes de tringle \u00e0 rideau de la nouvelle douche.<\/p>\n\n\n\n<p>Un coup de scie \u00e0 onglet et voil\u00e0 les 16 pi\u00e8ces.<\/p>\n\n\n\n<figure class=\"wp-block-gallery has-nested-images columns-default is-cropped wp-block-gallery-1 is-layout-flex wp-block-gallery-is-layout-flex\">\n<figure class=\"wp-block-image size-full\"><img loading=\"lazy\" decoding=\"async\" width=\"2088\" height=\"2088\" data-id=\"567\" src=\"https:\/\/www.chezlesfreud.com\/wp-content\/uploads\/2025\/12\/Scie.jpg\" alt=\"\" class=\"wp-image-567\" srcset=\"https:\/\/www.chezlesfreud.com\/wp-content\/uploads\/2025\/12\/Scie.jpg 2088w, https:\/\/www.chezlesfreud.com\/wp-content\/uploads\/2025\/12\/Scie-300x300.jpg 300w, https:\/\/www.chezlesfreud.com\/wp-content\/uploads\/2025\/12\/Scie-150x150.jpg 150w, https:\/\/www.chezlesfreud.com\/wp-content\/uploads\/2025\/12\/Scie-768x768.jpg 768w, https:\/\/www.chezlesfreud.com\/wp-content\/uploads\/2025\/12\/Scie-1536x1536.jpg 1536w, https:\/\/www.chezlesfreud.com\/wp-content\/uploads\/2025\/12\/Scie-2048x2048.jpg 2048w\" sizes=\"auto, (max-width: 2088px) 100vw, 2088px\" \/><\/figure>\n\n\n\n<figure class=\"wp-block-image size-full\"><img loading=\"lazy\" decoding=\"async\" width=\"2560\" height=\"1874\" data-id=\"568\" src=\"https:\/\/www.chezlesfreud.com\/wp-content\/uploads\/2025\/12\/Tubes-bruts-scaled.jpg\" alt=\"\" class=\"wp-image-568\" srcset=\"https:\/\/www.chezlesfreud.com\/wp-content\/uploads\/2025\/12\/Tubes-bruts-scaled.jpg 2560w, https:\/\/www.chezlesfreud.com\/wp-content\/uploads\/2025\/12\/Tubes-bruts-300x220.jpg 300w, https:\/\/www.chezlesfreud.com\/wp-content\/uploads\/2025\/12\/Tubes-bruts-768x562.jpg 768w, https:\/\/www.chezlesfreud.com\/wp-content\/uploads\/2025\/12\/Tubes-bruts-1536x1124.jpg 1536w, https:\/\/www.chezlesfreud.com\/wp-content\/uploads\/2025\/12\/Tubes-bruts-2048x1499.jpg 2048w\" sizes=\"auto, (max-width: 2560px) 100vw, 2560px\" \/><\/figure>\n<\/figure>\n\n\n\n<p>On d\u00e9bite une vieille cale de pon\u00e7age pour r\u00e9cup\u00e9rer la mousse pour remplir le fond des pi\u00e8ces, avant remplissage avec le reste de pl\u00e2tre r\u00e9sine du village illumin\u00e9 de 2022.<\/p>\n\n\n\n<p>Un coup de fraise pour les trous et de feutre noir, et voil\u00e0 les pi\u00e8ces pr\u00eates.<\/p>\n\n\n\n<figure class=\"wp-block-image size-full\"><img loading=\"lazy\" decoding=\"async\" width=\"2560\" height=\"1441\" src=\"https:\/\/www.chezlesfreud.com\/wp-content\/uploads\/2025\/12\/20241204_230703-edited-1-scaled.jpg\" alt=\"\" class=\"wp-image-575\" srcset=\"https:\/\/www.chezlesfreud.com\/wp-content\/uploads\/2025\/12\/20241204_230703-edited-1-scaled.jpg 2560w, https:\/\/www.chezlesfreud.com\/wp-content\/uploads\/2025\/12\/20241204_230703-edited-1-300x169.jpg 300w, https:\/\/www.chezlesfreud.com\/wp-content\/uploads\/2025\/12\/20241204_230703-edited-1-768x432.jpg 768w, https:\/\/www.chezlesfreud.com\/wp-content\/uploads\/2025\/12\/20241204_230703-edited-1-1536x865.jpg 1536w, https:\/\/www.chezlesfreud.com\/wp-content\/uploads\/2025\/12\/20241204_230703-edited-1-2048x1153.jpg 2048w\" sizes=\"auto, (max-width: 2560px) 100vw, 2560px\" \/><\/figure>\n\n\n\n<h2 class=\"wp-block-heading\">Le plateau<\/h2>\n\n\n\n<p>Pas de probl\u00e8me pour trouver une chute d\u2019agglom\u00e9r\u00e9 hydrofuge, m\u00eame pas besoin de la recouper.<\/p>\n\n\n\n<p>On garnit avec des \u00e9maux de Briare (restes de la nouvelle douche et de la cuisine de 2009), puis une plinthe qui prenait la poussi\u00e8re depuis des ann\u00e9es pour faire le cadre.<\/p>\n\n\n\n<figure class=\"wp-block-gallery has-nested-images columns-default is-cropped wp-block-gallery-2 is-layout-flex wp-block-gallery-is-layout-flex\">\n<figure class=\"wp-block-image size-large\"><img loading=\"lazy\" decoding=\"async\" width=\"2252\" height=\"2252\" data-id=\"571\" src=\"https:\/\/www.chezlesfreud.com\/wp-content\/uploads\/2025\/12\/Cadre-brut.jpg\" alt=\"\" class=\"wp-image-571\" srcset=\"https:\/\/www.chezlesfreud.com\/wp-content\/uploads\/2025\/12\/Cadre-brut.jpg 2252w, https:\/\/www.chezlesfreud.com\/wp-content\/uploads\/2025\/12\/Cadre-brut-300x300.jpg 300w, https:\/\/www.chezlesfreud.com\/wp-content\/uploads\/2025\/12\/Cadre-brut-150x150.jpg 150w, https:\/\/www.chezlesfreud.com\/wp-content\/uploads\/2025\/12\/Cadre-brut-768x768.jpg 768w, https:\/\/www.chezlesfreud.com\/wp-content\/uploads\/2025\/12\/Cadre-brut-1536x1536.jpg 1536w, https:\/\/www.chezlesfreud.com\/wp-content\/uploads\/2025\/12\/Cadre-brut-2048x2048.jpg 2048w\" sizes=\"auto, (max-width: 2252px) 100vw, 2252px\" \/><\/figure>\n\n\n\n<figure class=\"wp-block-image size-large\"><img loading=\"lazy\" decoding=\"async\" width=\"2252\" height=\"2312\" data-id=\"572\" src=\"https:\/\/www.chezlesfreud.com\/wp-content\/uploads\/2025\/12\/Cadre-termine.jpg\" alt=\"\" class=\"wp-image-572\" srcset=\"https:\/\/www.chezlesfreud.com\/wp-content\/uploads\/2025\/12\/Cadre-termine.jpg 2252w, https:\/\/www.chezlesfreud.com\/wp-content\/uploads\/2025\/12\/Cadre-termine-292x300.jpg 292w, https:\/\/www.chezlesfreud.com\/wp-content\/uploads\/2025\/12\/Cadre-termine-768x788.jpg 768w, https:\/\/www.chezlesfreud.com\/wp-content\/uploads\/2025\/12\/Cadre-termine-1496x1536.jpg 1496w, https:\/\/www.chezlesfreud.com\/wp-content\/uploads\/2025\/12\/Cadre-termine-1995x2048.jpg 1995w\" sizes=\"auto, (max-width: 2252px) 100vw, 2252px\" \/><\/figure>\n<\/figure>\n\n\n\n<h2 class=\"wp-block-heading\">La bo\u00eete<\/h2>\n\n\n\n<p>Apr\u00e8s pas mal d\u2019h\u00e9sitations, j\u2019utilise des panneaux de medium que Laurence n\u2019avait pas utilis\u00e9 plus quelques chutes diverses, le tout simplement coll\u00e9.<\/p>\n\n\n\n<p>Les pi\u00e8ces seront cal\u00e9es dans des cases fabriqu\u00e9es \u00e0 partir d\u2019un carton de vin.<\/p>\n\n\n\n<p>Un coup de peinture (du plafond de la douche), une sangle pour fixer le couvercle, le mode d\u2019emploi imprim\u00e9 et voil\u00e0 le travail.<\/p>\n\n\n\n<figure class=\"wp-block-gallery has-nested-images columns-default is-cropped wp-block-gallery-3 is-layout-flex wp-block-gallery-is-layout-flex\">\n<figure class=\"wp-block-image size-large\"><img loading=\"lazy\" decoding=\"async\" width=\"2560\" height=\"1920\" data-id=\"573\" src=\"https:\/\/www.chezlesfreud.com\/wp-content\/uploads\/2025\/12\/20250122_235736-scaled.jpg\" alt=\"\" class=\"wp-image-573\" srcset=\"https:\/\/www.chezlesfreud.com\/wp-content\/uploads\/2025\/12\/20250122_235736-scaled.jpg 2560w, https:\/\/www.chezlesfreud.com\/wp-content\/uploads\/2025\/12\/20250122_235736-300x225.jpg 300w, https:\/\/www.chezlesfreud.com\/wp-content\/uploads\/2025\/12\/20250122_235736-768x576.jpg 768w, https:\/\/www.chezlesfreud.com\/wp-content\/uploads\/2025\/12\/20250122_235736-1536x1152.jpg 1536w, https:\/\/www.chezlesfreud.com\/wp-content\/uploads\/2025\/12\/20250122_235736-2048x1536.jpg 2048w\" sizes=\"auto, (max-width: 2560px) 100vw, 2560px\" \/><\/figure>\n\n\n\n<figure class=\"wp-block-image size-large\"><img loading=\"lazy\" decoding=\"async\" width=\"2560\" height=\"2560\" data-id=\"574\" src=\"https:\/\/www.chezlesfreud.com\/wp-content\/uploads\/2025\/12\/Jeu-termine-scaled.jpg\" alt=\"\" class=\"wp-image-574\" srcset=\"https:\/\/www.chezlesfreud.com\/wp-content\/uploads\/2025\/12\/Jeu-termine-scaled.jpg 2560w, https:\/\/www.chezlesfreud.com\/wp-content\/uploads\/2025\/12\/Jeu-termine-300x300.jpg 300w, https:\/\/www.chezlesfreud.com\/wp-content\/uploads\/2025\/12\/Jeu-termine-150x150.jpg 150w, https:\/\/www.chezlesfreud.com\/wp-content\/uploads\/2025\/12\/Jeu-termine-768x768.jpg 768w, https:\/\/www.chezlesfreud.com\/wp-content\/uploads\/2025\/12\/Jeu-termine-1536x1536.jpg 1536w, https:\/\/www.chezlesfreud.com\/wp-content\/uploads\/2025\/12\/Jeu-termine-2048x2048.jpg 2048w\" sizes=\"auto, (max-width: 2560px) 100vw, 2560px\" \/><\/figure>\n<\/figure>\n","protected":false},"excerpt":{"rendered":"<p>Cette ann\u00e9e j\u2019ai pens\u00e9 \u00e0 un jeu de soci\u00e9t\u00e9, le quarto, je pense qu\u2019il y a ce qu\u2019il faut dans la cave pour le confectionner. Les pi\u00e8ces Il faut du carr\u00e9 et du rond, heureusement il y a des tubes carr\u00e9s en aluminium, restes d\u2019une installation tellement ancienne que j\u2019ai oubli\u00e9 laquelle, et des chutes [&hellip;]<\/p>\n","protected":false},"author":1,"featured_media":0,"parent":0,"menu_order":0,"comment_status":"closed","ping_status":"closed","template":"","meta":{"footnotes":""},"class_list":["post-563","page","type-page","status-publish","hentry"],"_links":{"self":[{"href":"https:\/\/www.chezlesfreud.com\/index.php\/wp-json\/wp\/v2\/pages\/563","targetHints":{"allow":["GET"]}}],"collection":[{"href":"https:\/\/www.chezlesfreud.com\/index.php\/wp-json\/wp\/v2\/pages"}],"about":[{"href":"https:\/\/www.chezlesfreud.com\/index.php\/wp-json\/wp\/v2\/types\/page"}],"author":[{"embeddable":true,"href":"https:\/\/www.chezlesfreud.com\/index.php\/wp-json\/wp\/v2\/users\/1"}],"replies":[{"embeddable":true,"href":"https:\/\/www.chezlesfreud.com\/index.php\/wp-json\/wp\/v2\/comments?post=563"}],"version-history":[{"count":2,"href":"https:\/\/www.chezlesfreud.com\/index.php\/wp-json\/wp\/v2\/pages\/563\/revisions"}],"predecessor-version":[{"id":576,"href":"https:\/\/www.chezlesfreud.com\/index.php\/wp-json\/wp\/v2\/pages\/563\/revisions\/576"}],"wp:attachment":[{"href":"https:\/\/www.chezlesfreud.com\/index.php\/wp-json\/wp\/v2\/media?parent=563"}],"curies":[{"name":"wp","href":"https:\/\/api.w.org\/{rel}","templated":true}]}}